. List the prime factors of o.
2, 3
Suppose -2 = -2*w + 4. Suppose 0 = -w*f - 5 + 14. List the prime factors of f.
3
Suppose -68 = -5*l + 62. List the prime factors of l.
2, 13
Let s(r) = -48*r - 4. Let z be (1/3)/(-1)*-9. Let w be s(z). List the prime factors of 4/(-18) - w/18.
2
Let a(s) = s**3 - s**2 + 36. What are the prime factors of a(0)?
2, 3
Let d(b) = 2*b**2 + 9*b + 12. List the prime factors of d(-6).
2, 3, 5
Suppose -5*t = w + 5, 5 = -4*t - t + 2*w. List the prime factors of 27/6*(-4)/t.
2, 3
Suppose 6 = -2*m, 4*z = -2*m + 6*m + 20. Suppose -5 + 3 = -d. Suppose 2*p = -d*y + 28, 0 = -y + z*p + 14 - 3. List the prime factors of y.
13
Suppose 0 = -2*g + 5*g - 66. Suppose -3*k - g = -73. What are the prime factors of k?
17
Let k(j) = -j**3 + 2*j + 1. Let x be k(-1). Suppose -94 = -6*s + 3*s - 2*r, 3*r = -5*s + 157. Suppose x = 5*z - z - s. What are the prime factors of z?
2
Let o(i) be the first derivative of 5*i**2 + 16*i + 2. Let f(u) = -7*u - 11. Let d(r) = 7*f(r) + 5*o(r). What are the prime factors of d(3)?
2, 3
Let u(t) = -t - 2. Let h be u(-9). Suppose 0 = -5*f - 5*c - 30, 0 = -4*c + 3*c - 2. Let k = f + h. List the prime factors of k.
3
Let s(z) = z - 1. Let u(x) = x. Let h(p) = s(p) - 6*u(p). Let n be h(-1). Let b = n + 7. List the prime factors of b.
11
Suppose 9*u - 526 = 4*u + 4*o, -2*u - o + 200 = 0. What are the prime factors of u?
2, 3, 17
Suppose -3*o - 12 = -6*o, 0 = -4*w + 2*o - 8. Suppose -m + 45 - 8 = w. What are the prime factors of m?
37
Suppose 2*g = 6*g - 196. What are the prime factors of g?
7
Let d(b) = -2*b**3 - 2*b - 1. Let q be d(-1). Let i = q - -2. Suppose -3*x = -5*x + 4, -i*v - x = -87. List the prime factors of v.
17
Let m = -2 - -2. Let d be m + (-1)/(1/2). Let g(h) = -h**3 - h - 1. What are the prime factors of g(d)?
3
Suppose -20 = -4*m + 2*f, 3*m - 4*m - 4*f - 4 = 0. Suppose -3*l = -10 + m. Suppose 3*u + l*u = 10. List the prime factors of u.
2
Let m(q) = 64*q**2 - 3*q - 2. What are the prime factors of m(-1)?
5, 13
Suppose -2*d - 2*d + 80 = 0. Suppose l = -4*l - d. Let s = l - -6. What are the prime factors of s?
2
Let r be 58/(-6) - (-4)/6. Let u = r + 14. Suppose 5*p + 14 = 3*j - 8, u*j - 3*p = 26. What are the prime factors of j?
2
What are the prime factors of (8/(-2))/2 + (16 - 0)?
2, 7
Suppose -16*h - 36 = -12*h. Let v(i) = 11*i**2 + 19*i - 32. Let p(b) = 7*b**2 + 13*b - 21. Let g(q) = -8*p(q) + 5*v(q). List the prime factors of g(h).
2
Let x = -2 - -1. List the prime factors of ((-26)/(-4) + x)*2.
11
Let y = -6 + 9. Let f(k) = -k**2 + 8*k - 4. Let o be f(y). Suppose 4*z - 13 = o. What are the prime factors of z?
2, 3
Let c(h) be the second derivative of h**5/60 - h**4/12 - h**3/3 + h. Let d(l) be the second derivative of c(l). What are the prime factors of d(7)?
2, 3
Suppose 2*a = -3*g - 5, 2*g + 2*a + 6 = -0*g. Let n be 2 + -2*g/1. Suppose 2*k - k - 11 = n. What are the prime factors of k?
11
Suppose 22 = n - 3*y, n - 27 = -0*n + 4*y. What are the prime factors of n?
7
Let v = 2 - 0. Suppose -2*t = -v*p - 3*p - 57, 2*p - 33 = -t. Suppose -3*u = 1 - t. What are the prime factors of u?
2, 5
Let h = 13 + -4. What are the prime factors of h?
3
Let g = 12 - 11. Let x = 18 + -6. Let k = g + x. List the prime factors of k.
13
Let f(x) = x**2 + 6*x + 8. Let c be f(-6). Let j(v) = 2*v - 4. List the prime factors of j(c).
2, 3
Let f(d) = d**2 - 5*d - 3. Let t be -3 + 6 + -3 - -30. Suppose -8*r - 3*b = -3*r - t, r + 3*b = 6. What are the prime factors of f(r)?
3
Let k(y) = -y**2 - 7*y - 6. Let r be k(-5). Suppose r*f = -3*w + 4*w - 16, -4 = f + 4*w. List the prime factors of 9 + 1 - f/2.
2, 3
Suppose 0 = g + 13 - 30. List the prime factors of g.
17
Suppose 38 = 3*a - 37. What are the prime factors of a?
5
Suppose 5*n - 13 = -2*j - 3, 5*n - 2*j = 10. List the prime factors of n.
2
Let x(h) = -2*h**3 - 2*h**2 - h - 3. Let i be x(-3). Let j = -25 + i. Suppose 0 = -4*w + 3*w - 2*a + j, 5*w + 5 = 5*a. What are the prime factors of w?
3
Let g(n) = -7*n**3 + 2*n**2 + 2*n + 1. Let i be g(-1). Suppose i*h - 65 = 3*h. List the prime factors of h.
13
Suppose 0 = l + 4 + 7. Suppose -f + 1 = -17. Let o = f + l. List the prime factors of o.
7
Let o(y) = -70*y + 21. What are the prime factors of o(-4)?
7, 43
Let b = -132 - -141. List the prime factors of b.
3
Let z(p) = -7*p**2 - 4*p - 3. Let u(w) = -w**2. Let r(k) = 5*u(k) - z(k). Let g be 0 + 1 - (5 + -1). List the prime factors of r(g).
3
Let f be 7/1 - 0/1. Suppose 10 = l - 4*c, -3*l - 10 = c - 1. Let m = l + f. What are the prime factors of m?
5
Suppose 0 = 5*d - 0*d - 5*w, 16 = 3*d + w. Suppose 3*a + 93 = d*b - 0*b, -5*a - 15 = 0. What are the prime factors of b?
3, 7
Let h(a) = -a**2 - 6*a - 4. Let z be h(-5). Suppose -5 - z = -2*v. What are the prime factors of v?
3
List the prime factors of 101 + 2/7 + 36/(-28).
2, 5
Let j(r) be the second derivative of -r**4/12 - 2*r**3 - 3*r**2/2 + 4*r. What are the prime factors of j(-10)?
17
Let t(w) = w**3 + 2*w**2 - 5*w - 4. Let k be t(-3). What are the prime factors of k*1/(-4)*-44?
2, 11
Let b = -209 + 350. Suppose -3*c + 5*y + 121 = -30, 3*y + b = 3*c. List the prime factors of c.
2, 3, 7
Suppose -2*d = 5*p + 62, 4*d + 0*d + 154 = 5*p. Let y = 2 + 1. What are the prime factors of 1 + d/(0 - y)?
13
Suppose -5*h + 328 = 3*h. What are the prime factors of h?
41
Suppose 5*s = -4*n + 6, 0 = -4*s - 0*s - n + 7. Suppose s*g = -0*g + 12. Suppose -v = 2*i - 25, -g*i + i - 4*v + 64 = 0. List the prime factors of i.
2, 3
Suppose 2 = -r - 0. What are the prime factors of (24/(-16))/(r/44)?
3, 11
Suppose -3 = -2*m + 25. Let b = m + -9. Suppose 0*a = a - b. List the prime factors of a.
5
Let y be (5 - 1)/(26/(-39)). Let b(m) = -3*m - 11. List the prime factors of b(y).
7
Let q be (3/(-2))/(6/(-16)). Suppose -q*z = -4*l + 20, -3*z - 5*l = -3*l - 10. Suppose 2*r - 6 = z, -2*r + 27 = 2*m - 5. List the prime factors of m.
13
Let o = -3 - -6. Let k = o - 0. List the prime factors of k.
3
Let i be 4/(-1) + (-2 - -3). Let v(j) = 2*j**2 + 4*j + 3. List the prime factors of v(i).
3
List the prime factors of (0 - 5)/((-7)/308*4).
5, 11
Suppose -t - 4*t = -60. Suppose k = -k + t. List the prime factors of k.
2, 3
Suppose 3*r = -4 + 22. What are the prime factors of r?
2, 3
List the prime factors of -4*((-55)/10 + 3)*9.
2, 3, 5
Let s(u) = -5*u - 44. List the prime factors of s(-13).
3, 7
Suppose 0 = 4*r + 7 - 35. What are the prime factors of (1 + (r - 0))/1?
2
Suppose 15 - 3 = -2*t. Let g(k) = 4*k**2 - 6*k - 15. Let r(d) = -5*d**2 + 7*d + 16. Let y(c) = t*g(c) - 5*r(c). List the prime factors of y(0).
2, 5
List the prime factors of (-10)/(-40) - 318/(-8).
2, 5
Suppose 0 = 3*i + 2*i + 2*o - 140, -i + 28 = 5*o. Suppose -4*x + i = -80. What are the prime factors of x?
3
What are the prime factors of 6*1*(-224)/(-24)?
2, 7
Let s = -256 - -554. What are the prime factors of s?
2, 149
Suppose 2*t - 4*z = 7*t + 36, 0 = -3*z + 3. Let v be 9/6*t/6. Let g = v - -5. List the prime factors of g.
3
Let i be (-58)/12 - 4/24. Let f = i + 8. List the prime factors of f.
3
Let r be (-6)/18 + 16/3. Let g(a) = 11*a**3 - a**2 + 1. Let l be g(1). Let x = l - r. What are the prime factors of x?
2, 3
Suppose -6*h + 949 = -359. What are the prime factors of h?
2, 109
Let v = 11 - 9. Suppose -3*o - v*i = -48, 2*o - 80 = -3*o - 2*i. What are the prime factors of o?
2
Let x(n) be the second derivative of -n**3/2 - 11*n**2/2 - 3*n. What are the prime factors of x(-9)?
2
Suppose -2*c = -h + 38, 3*h + 68 = -3*c - h. Let u be 4/(-6) + c/(-3). Suppose -a = 1 - u. What are the prime factors of a?
5
Let k(r) = -5*r + 4. Let y be k(-4). Let b = y - 12. List the prime factors of b.
2, 3
Let c = 28 + -16. Suppose 2*s + c = -0. List the prime factors of (-111)/s - (-1)/(-2).
2, 3
What are the prime factors of (-152)/5*40/(-16)?
2, 19
Suppose -3*p + 303 + 87 = 0. Suppose 0*n - 3*k = 5*n - p, -n - 2*k + 26 = 0. What are the prime factors of n?
2, 13
List the prime factors of 17 - (-1 - 0/2).
2, 3
Suppose s - 62 = -0*s. Suppose -2*c + 34 = -4*p, 3*c + 11 = -2*p + s. List the prime factors of c.
17
Let q be (48/(-30))/((-2)/190). Suppose 0*n + 4*n - q = 0. List the prime factors of n.
2, 19
Suppose -4*n - 4*y + 12 = 0, -4*n = n + 4*y - 12. Suppose n*t + 14 = t. What are the p